Is 8637820 a multiple of 4?
True
Is 264241600 a multiple of 5600?
True
Is 12072186 a multiple of 9?
True
Is 38626715 a multiple of 235?
True
Is 75 a factor of 2423513930?
False
Is 16520465 a multiple of 6?
False
Does 515 divide 154231685?
True
Is 162 a factor of 262949331?
False
Is 2 a factor of 19364987?
False
Is 16429282 a multiple of 40?
False
Does 62 divide 170351758?
True
Is 128835123 a multiple of 55?
False
Is 6 a factor of 6450294?
True
Is 33172264 a multiple of 172?
True
Does 652 divide 3964812?
True
Is 3344734 a multiple of 166?
True
Does 57 divide 220150416?
True
Is 49366167 a multiple of 31?
True
Does 169 divide 261521891?
False
Is 4957 a factor of 506402163?
True
Does 24 divide 316176024?
True
Does 62 divide 6683455?
False
Does 2545 divide 232227490?
False
Does 22 divide 1110613878?
True
Does 18 divide 9072250?
False
Does 20 divide 17885321?
False
Does 458 divide 415323815?
False
Is 7 a factor of 12708612?
True
Is 3096 a factor of 582224472?
True
Does 408 divide 166036416?
True
Is 14271867 a multiple of 7?
False
Is 10568741 a multiple of 51?
False
Does 14 divide 24626178?
False
Is 147 a factor of 71318814?
True
Is 4 a factor of 139662298?
False
Does 369 divide 58525983?
True
Is 1138 a factor of 1055913784?
True
Does 8 divide 4853872?
True
Is 1068967432 a multiple of 4186?
False
Does 194 divide 66424273?
False
Is 25170740 a multiple of 20?
True
Does 1449 divide 1322937?
True
Is 68 a factor of 56733679?
False
Is 19 a factor of 47696194?
True
Is 8325186 a multiple of 1023?
False
Does 7 divide 33520215?
False
Does 33 divide 24600642?
True
Is 75 a factor of 25664550?
True
Is 69 a factor of 662538?
True
Is 67905791 a multiple of 551?
True
Does 46 divide 48524894?
True
Does 1635 divide 1016196645?
True
Does 5 divide 223071420?
True
Does 11726 divide 2885463724?
True
Is 798 a factor of 2484269?
False
Is 7178 a factor of 4119131190?
True
Is 2565605258 a multiple of 355?
False
Is 59739648 a multiple of 4094?
True
Does 1797 divide 40525944?
True
Is 7049375 a multiple of 125?
True
Does 3 divide 41677138?
False
Is 192 a factor of 2375629270?
False
Is 20376796 a multiple of 22?
True
Does 127 divide 241771170?
True
Is 89 a factor of 35633286?
True
Is 350844517 a multiple of 104?
False
Is 5 a factor of 1695217691?
False
Does 7 divide 24415991?
False
Is 53 a factor of 447703381?
False
Does 23 divide 5583703865?
False
Is 37 a factor of 31588525?
False
Is 79669625 a multiple of 8?
False
Is 20767110 a multiple of 30?
True
Is 589339075 a multiple of 291?
False
Is 344746701 a multiple of 13?
True
Does 1749 divide 62983466?
False
Is 88286391 a multiple of 821?
False
Is 25450496 a multiple of 27?
False
Is 28472812 a multiple of 474?
False
Is 113 a factor of 27041700?
False
Does 30 divide 5354125?
False
Does 416 divide 101926240?
True
Is 911163302 a multiple of 7642?
True
Is 9340741 a multiple of 117?
False
Does 11 divide 55434988?
False
Is 106499396 a multiple of 12?
False
Is 9 a factor of 228590325?
True
Does 2534 divide 659947358?
True
Is 101369070 a multiple of 2202?
True
Is 1901445 a multiple of 2168?
False
Does 1090 divide 63855697?
False
Does 1502 divide 277327778?
True
Is 139179352 a multiple of 232?
True
Is 1828703484 a multiple of 12?
True
Does 298 divide 837170449?
False
Does 8 divide 2903543640?
True
Is 6 a factor of 2105971308?
True
Is 34132285 a multiple of 801?
False
Does 2 divide 11343527?
False
Does 288 divide 229498560?
True
Is 110728408 a multiple of 3931?
True
Is 69 a factor of 21761013?
True
Does 176 divide 49457232?
True
Is 3072 a factor of 71887114?
False
Is 631 a factor of 234981245?
True
Is 25 a factor of 123584400?
True
Is 3167797256 a multiple of 315?
False
Is 14464905 a multiple of 1365?
True
Is 381025249 a multiple of 11?
True
Is 327 a factor of 79480028?
False
Is 54220743 a multiple of 29?
False
Is 449 a factor of 36053186?
False
Is 354 a factor of 1426768326?
True
Does 87 divide 98813633?
False
Is 288339364 a multiple of 722?
True
Is 98056996 a multiple of 1002?
False
Is 1583 a factor of 24545998?
True
Does 6 divide 1718610?
True
Is 76698404 a multiple of 197?
True
Is 152 a factor of 323143032?
True
Does 3060 divide 1355491818?
False
Is 35400120 a multiple of 7?
True
Is 13249 a factor of 1781603763?
False
Is 13 a factor of 945676092?
False
Does 44 divide 40379300?
False
Does 379 divide 32802071?
True
Is 177 a factor of 103676104?
False
Is 8 a factor of 16043234?
False
Is 1121645525 a multiple of 6403?
True
Is 163890923 a multiple of 930?
False
Is 59 a factor of 190243427?
False
Does 53 divide 470632792?
True
Does 3 divide 829571?
False
Is 16 a factor of 44514710?
False
Is 6 a factor of 18490049?
False
Is 1745475778 a multiple of 950?
False
Is 54526912 a multiple of 64?
True
Is 1107 a factor of 287825535?
True
Is 83939256 a multiple of 26?
False
Is 117115684 a multiple of 16?
False
Does 55 divide 1332740090?
True
Does 10 divide 2366597270?
True
Is 22 a factor of 97231574?
True
Is 61497758 a multiple of 9?
False
Is 778 a factor of 1137835549?
False
Does 3711 divide 93936543?
True
Is 25 a factor of 86497566?
False
Is 2474 a factor of 588025268?
True
Does 4466 divide 1096447660?
True
Is 14 a factor of 211024629?
False
Does 944 divide 1499837584?
True
Is 408 a factor of 652039896?
True
Is 12361815 a multiple of 3495?
True
Is 35 a factor of 240646175?
True
Does 986 divide 50861824?
True
Is 123164445 a multiple of 5?
True
Does 216 divide 62076456?
True
Is 14 a factor of 73509567?
False
Is 8 a factor of 65229567?
False
Does 4 divide 103041468?
True
Is 241759791 a multiple of 117?
True
Is 5 a factor of 861724771?
False
Does 84 divide 688487837?
False
Does 4011 divide 470349915?
True
Is 160334680 a multiple of 844?
True
Is 3137458 a multiple of 7?
False
Is 84108816 a multiple of 232?
True
Is 4 a factor of 103965980?
True
Is 71 a factor of 22717231?
True
Is 16432632 a multiple of 79?
True
Is 33289559 a multiple of 577?
False
Does 67 divide 1036892737?
True
Is 506 a factor of 637868154?
True
Is 125 a factor of 24013500?
True
Does 3443 divide 2395220366?
False
Is 671292720 a multiple of 6440?
True
Is 19 a factor of 24086775?
True
Is 80863352 a multiple of 110?
False
Is 34128770 a multiple of 446?
False
Is 9 a factor of 865360980?
True
Does 91 divide 5358682?
False
Is 63887448 a multiple of 134?
True
Is 364 a factor of 84290388?
True
Does 1875 divide 96033802?
False
Does 3544 divide 196989696?
True
Does 297 divide 40624848?
True
Does 26 divide 220987027?
False
Does 2518 divide 3619725720?
True
Is 42 a factor of 519864450?
True
Is 8 a factor of 419172760?
True
Is 2772146132 a multiple of 76?
True
Is 44779644 a multiple of 9?
True
Is 4005947 a multiple of 37?
False
Does 314 divide 2965006544?
True
Is 997 a factor of 807423641?
False
Is 285822 a multiple of 32?
False
Is 52 a factor of 113935692?
True
Is 30098126 a multiple of 3128?
False
Does 171 divide 823780589?
False
Is 37 a factor of 18071096?
True
Does 12 divide 4600164?
True
Does 583 divide 472361175?
True
Does 332 divide 42244344?
True
Is 100643383 a multiple of 17?
True
Is 80 a factor of 463031149?
False
Does 13 divide 77610572?
True
Is 132 a factor of 2486562144?
True
Is 65477132 a multiple of 17?
True
Is 59 a factor of 104017472?
True
Is 67228771 a multiple of 20?
False
Is 686242352 a multiple of 184?
True
Does 795 divide 90438405?
True
Does 296 divide 27515272?
True
Is 1009 a factor of 19612469?
False
Is 196 a factor of 2957836?
True
Does 60 divide 31622100?
True
Does 64 divide 68528043?
False
Is 858 a factor of 223529592?
True
Is 23 a factor of 2200666?
False
Is 711842062 a multiple of 365?
False
Is 389 a factor of 116569685?
True
Is 3067 a factor of 3003126235?
False
Is 77263393 a multiple of 41?
True
Is 790 a factor of 83001482?
False
Is 86302179 a multiple of 159?
True
Does 368 divide 495110946?
False
Is 340 a factor of 1022025720?
True
Does 115 divide 285156309?
False
Is 124641649 a multiple of 680?
False
Does 193 divide 298762273?
False
Is 17509590 a multiple of 210?
True
Is 9216064 a multiple of 494?
True
Is 13 a factor of 583930399?
True
Is 55269420 a multiple of 60?
True
Is 92436825 a multiple of 839?
True
Is 161 a factor of 1862792862?
True
Does 957 divide 234858327?
True
Is 5 a factor of 141347908?
False
Is 145948901 a multiple of 604?
False
Does 590 divide 14358610